) = 10*f**2 - 216*f - 168. What is the thousands digit of l(76)?
1
Let w = 15778 - -5694. What is the thousands digit of w?
1
Let c(n) = -5*n**3 + 22*n**2 - 19*n - 104. What is the hundreds digit of c(-10)?
2
Let s(v) = -1156*v - 2220. What is the thousands digit of s(-60)?
7
Let n(p) = 307*p - 2114. What is the hundreds digit of n(41)?
4
Suppose -3*v - x = 626, 4*x - 1010 = 5*v - x. What is the tens digit of 4/(-3*6/v)?
4
Let j(r) = -r**3 - 19*r**2 + 30*r + 15. Suppose -15 = 5*f, 2*i - 7*f + 2*f = -27. What is the hundreds digit of j(i)?
2
Suppose -2*o - 2*t + 642 = -t, -2*t - 1614 = -5*o. What is the hundreds digit of o?
3
Let r(k) = -k**3 + 23*k**2 + 54*k - 106. Let m be r(25). What is the tens digit of (-302)/(-453) + (-12668)/m + -1?
1
Let l = 18045 + -1517. What is the tens digit of l?
2
Let v = 1216 - -10697. What is the hundreds digit of v?
9
Let a be (34/10 + -1)/(4/(-20)). What is the thousands digit of a/(-7)*6755/10?
1
Let a(g) = g**2 + 5. Let c(m) = -27*m + 11. Let v(k) = 2*a(k) + c(k). What is the tens digit of v(28)?
3
Let j(z) = 113 + z**3 - 237 + 114 - 10*z - z**2. What is the units digit of j(6)?
0
Suppose 246 = j - 117. Let d = 771 - j. What is the hundreds digit of d?
4
Suppose -b = -5*m - 471, 5*b = 6*b - 4*m - 472. What is the hundreds digit of b*(-3 - 63/(-14))?
7
Let y(z) = -94*z + 3075. What is the hundreds digit of y(-7)?
7
Let t = 51 + -38. Suppose t*p = 8*p. Suppose -7*f + f + 180 = p. What is the units digit of f?
0
Suppose -37*c + 1691712 = 71*c. What is the ten thousands digit of c?
1
Let s(w) = 4*w**3 + 2*w**2 - 4*w - 6. Suppose 2*c - c + 20 = 5*b, 3*b = 5*c - 10. What is the units digit of s(b)?
4
Let y(r) = -2*r + 1. Let q(z) = -55*z - 9. Suppose 2*l = 4*b - 17 - 3, l + 4 = b. Let i(k) = b*y(k) - q(k). What is the tens digit of i(5)?
3
Let x(m) = 8*m + 28. Let j(f) be the first derivative of -f**4/4 + f**3/3 + f**2/2 - 3*f + 10. Let n be j(-2). What is the units digit of x(n)?
4
Let d be (108/16)/(2/24). Suppose 5*u - 67 = 2*b, -2*b + 4*u = -13 + d. Let x = 48 + b. What is the tens digit of x?
1
Let l be ((-216)/20)/(((-96)/(-30))/(-8)). Let u = -6 - -89. Let h = u - l. What is the units digit of h?
6
Suppose 104 = -4*z + 4*s, 3 = -z - 2*s - 17. Let j be 6/z + 1345/4. Suppose -3*l + 4*h - 274 = -6*l, -4*l + 2*h + j = 0. What is the tens digit of l?
8
Let b = 27502 + -16892. What is the hundreds digit of b?
6
Let i(p) be the third derivative of 23*p**4/12 - p**3 + 459*p**2. Let r be 2/(-2)*(-6)/3. What is the tens digit of i(r)?
8
Let c(u) = -1349*u + 1549. What is the hundreds digit of c(-3)?
5
Let v = 5427 + 3782. What is the hundreds digit of v?
2
Suppose 4*g = 3*p + 759, -p = -g + 3*g - 377. Let k = -97 - -13. Let f = k + g. What is the hundreds digit of f?
1
Let v(w) = -w**2 + 19*w - 8. Let y be v(18). Suppose 13*j - y = 8*j. Let k(q) = 11*q**3 - 3. What is the units digit of k(j)?
5
Suppose 0*f + 8*f - 336 = 0. Suppose -3 - f = -3*i. What is the tens digit of ((-342)/i)/((12/(-80))/1)?
5
Let g(d) be the second derivative of 0 - 3*d + 9*d**2 + 1/4*d**4 - 7/6*d**3. What is the tens digit of g(6)?
8
Let s(p) = -p**3 + 6*p**2 + 9*p - 9. Let u be s(7). Suppose -2*f - 27 = u*v - 7, 4 = -v - 4*f. What is the tens digit of ((-40)/(-16))/((1 + v)/(-36))?
3
Let n = 20041 + -10066. What is the hundreds digit of n/15 - (2 + -5)?
6
Suppose 2*m + 144 = 8. Let z = m + 70. Suppose -z*x + 480 = 2*x. What is the units digit of x?
0
Let x be ((-32)/5)/(-2 - (-6912)/3465). Suppose 82*r + x = 86*r. What is the hundreds digit of r?
3
Suppose 0 = -5*b + 20, -4*v + b = -0*b - 788. Suppose -3*g = -4*j - 360, 199 = -2*j - g + 29. Let n = v + j. What is the tens digit of n?
1
What is the tens digit of ((-117)/117)/((-1)/2407) + (-1 - -2)?
0
Let b(o) = 24*o + 12. Let r(j) = j - 1. Let x be r(13). Let a be b(x). Suppose -10 = 3*y - 1, 3*v + 4*y = a. What is the hundreds digit of v?
1
What is the tens digit of -1 + (-3753 - (2 - 7))/(-1)?
4
Let v(k) = 1271*k - 342. What is the units digit of v(4)?
2
Let i = -3694 + 18814. What is the ten thousands digit of i?
1
Let b = 9508 - 6541. Let v = -1924 + b. What is the thousands digit of v?
1
Suppose 70*g + 16941 - 162681 = 0. What is the hundreds digit of g?
0
Let t(g) = g**3 + 71*g**2 + 25*g + 983. What is the thousands digit of t(-70)?
4
Suppose -m + 1285 + 508 = 5*p, 2*m = -p + 3622. Let w = -830 + m. What is the hundreds digit of w?
9
Let h(d) = 7*d + 110. Let u be h(-15). Suppose -4*g = -u*f + 670, f - 4*g = 5*f - 536. What is the tens digit of f?
3
Let v(q) = 6*q**2 - 65*q + 206. What is the thousands digit of v(61)?
8
Let r(p) = p**3 + 12*p**2 - 12*p - 19. Let h(k) = k**3 + 38*k**2 - 42*k - 126. Let y be h(-39). What is the hundreds digit of r(y)?
3
Suppose 10*h - 32*h = -88. Let q be 3/(6*(-1)/(-248)). Suppose -6*w + w + 185 = 5*m, 2*w + q = h*m. What is the tens digit of m?
3
Suppose 3*o - 4*w = 166725 + 57261, -223986 = -3*o + w. What is the ten thousands digit of o?
7
Suppose 0 = 4*r - 5*d + 8, r + 2*r - 3*d + 3 = 0. Let g(z) = 2*z + 26. Let m be g(2). Suppose 0 = -0*c + c - r*q - m, 0 = -q - 1. What is the units digit of c?
7
Let y(b) be the first derivative of 4*b**3 - 3*b**2 + 31*b - 4. What is the thousands digit of y(12)?
1
Suppose 2*m + j - 4 = 0, 2*m + 0*m + 2*j = 0. Suppose c + q - 896 = 0, -q = m*c + 4*q - 3588. What is the tens digit of c?
9
Suppose 50*x - 887519 - 271181 = 0. What is the tens digit of x?
7
Suppose 0 = -23*y + 26692 + 121405. What is the tens digit of y?
3
Let j = -6001 + 9142. What is the units digit of j?
1
Suppose -133*y + 139*y = -24. What is the hundreds digit of ((-658)/(-141))/(y/(-726))?
8
Suppose 10*q + 90348 = 26*q - 159348. What is the ten thousands digit of q?
1
Let j(o) = -4*o + 12. Let u be j(12). Let i(q) = -5*q - 8. Let v be i(-3). Let a = v - u. What is the tens digit of a?
4
Let d(o) = -159*o + 1427. What is the tens digit of d(8)?
5
Let z = -113554 + 171379. What is the units digit of z?
5
Suppose 4*l + 3*k = 327005, -5*k - 62919 = -l + 18792. What is the tens digit of l?
4
Suppose 0 = -2*h - 41*h + 17716. Suppose 344 + h = 14*i. What is the tens digit of i?
5
What is the units digit of ((-2 - -36) + -33)/((-2)/(-26414))?
7
Let o(w) = 48*w + 208. Let k be o(-26). What is the units digit of 7 - k - (3 + 5)?
9
Let x(i) = -2*i**3 - i**2 + 3*i + 2. Let f be x(-3). Suppose -2*r - 16 - f = 0. What is the tens digit of (-7)/(3/r*3)?
2
Suppose 5*g + 3*k - 12 = -k, -2*k = 5*g - 6. Suppose -5*h = 2*u - 1468, g = -4*u - 31*h + 33*h + 2984. What is the hundreds digit of u?
7
Let j = -533 + 521. What is the thousands digit of ((-15)/(-25)*j)/(1/(-180))?
1
Let x(l) = -180*l - 28 - 173*l - 138*l + 117*l. What is the hundreds digit of x(-2)?
7
Suppose 46*n - 23*n + 56*n = 1261156. What is the tens digit of n?
6
Let l = 35 + -6. Let t = -28 + l. What is the units digit of ((-15)/(-3) - t)/(2/7)?
4
Let v(a) = 204*a**3 - a**2 + 3*a - 2. Let k be v(1). Let c be (k/(-119))/((-1)/14). Let d = 34 - c. What is the units digit of d?
0
Let m = -43 - -47. Suppose 0 = r + 2*c - 12, -2*c = -m*r + 2*c. Suppose 4*s - 15 - 165 = -r*v, 5*v - 270 = 4*s. What is the tens digit of v?
5
Let j(v) = v**3 - 7*v**2 + 3*v + 11. Let g be j(6). Let q be 117/2 + g/(-14) - 2. Let o = q - -17. What is the tens digit of o?
7
Suppose -27*o - 22*o + 452732 = -3*o. What is the units digit of o?
2
Suppose -4*r + 10 = r. Suppose r*t + 0*t = -3*w + 18, -5*t = 2*w - 23. What is the units digit of (-4)/10 - (t + (-860)/25)?
1
Let z(g) = -g**2 + 3*g - 2. Let y be z(3). Let c = y + -13. Let s(u) = u + 33. What is the units digit of s(c)?
8
Let v(s) = s**3 + 14*s**2 + 13*s + 12. Let g be v(-13). Let u(l) = -27*l - 12. Let z be u(3). Let q = g - z. What is the hundreds digit of q?
1
Let r = 52 + -50. Let d(c) = 84*c**3 - r + 4 + c - 2 - 2*c**2. What is the tens digit of d(1)?
8
Let s(j) = 2402*j - 2558. What is the tens digit of s(5)?
5
Let s be (-150)/(-20)*12/15. Let a be (-4)/12 + -1 + (-100)/s. Let u = a + 208. What is the tens digit of u?
9
Let o = 68 - 105. Let b = 39 + o. Suppose b*u - 38 = 46. What is the units digit of u?
2
Let a(g) = 32*g**3 - 4*g**2 + 114*g - 42. What is the tens digit of a(11)?
2
Let k(b) = -671*b**3 - 10*b**2 - 46*b - 57. What is the units digit of k(-5)?
8
S